{"id":453,"date":"2021-08-06T06:02:13","date_gmt":"2021-08-06T06:02:13","guid":{"rendered":"https:\/\/smartdata.tonytemplates.com\/cleaning-service-v3\/?page_id=453"},"modified":"2024-12-22T13:38:00","modified_gmt":"2024-12-22T13:38:00","slug":"contact-us","status":"publish","type":"page","link":"https:\/\/east-reinigung.de\/index.php\/contact-us\/","title":{"rendered":"Contact Us"},"content":{"rendered":"\t\t<div data-elementor-type=\"wp-page\" data-elementor-id=\"453\" class=\"elementor elementor-453\">\n\t\t\t\t\t\t\t\t\t<section class=\"elementor-section elementor-top-section elementor-element elementor-element-85f924c elementor-section-full_width elementor-section-height-default elementor-section-height-default\" data-id=\"85f924c\" data-element_type=\"section\">\n\t\t\t\t\t\t<div class=\"elementor-container elementor-column-gap-no\">\n\t\t\t\t\t<div class=\"elementor-column elementor-col-100 elementor-top-column elementor-element elementor-element-f9ab188\" data-id=\"f9ab188\" data-element_type=\"column\">\n\t\t\t<div class=\"elementor-widget-wrap elementor-element-populated\">\n\t\t\t\t\t\t\t\t<div class=\"elementor-element elementor-element-4b9a666 elementor-widget elementor-widget-text-editor\" data-id=\"4b9a666\" data-element_type=\"widget\" data-widget_type=\"text-editor.default\">\n\t\t\t\t<div class=\"elementor-widget-container\">\n\t\t\t<style>\/*! elementor - v3.10.2 - 29-01-2023 *\/\n.elementor-widget-text-editor.elementor-drop-cap-view-stacked .elementor-drop-cap{background-color:#818a91;color:#fff}.elementor-widget-text-editor.elementor-drop-cap-view-framed .elementor-drop-cap{color:#818a91;border:3px solid;background-color:transparent}.elementor-widget-text-editor:not(.elementor-drop-cap-view-default) .elementor-drop-cap{margin-top:8px}.elementor-widget-text-editor:not(.elementor-drop-cap-view-default) .elementor-drop-cap-letter{width:1em;height:1em}.elementor-widget-text-editor .elementor-drop-cap{float:left;text-align:center;line-height:1;font-size:50px}.elementor-widget-text-editor .elementor-drop-cap-letter{display:inline-block}<\/style>\t\t\t\t<h1 class=\"text-center h-decor\">Kontaktiere uns<\/h1>\t\t\t\t\t\t<\/div>\n\t\t\t\t<\/div>\n\t\t\t\t\t<\/div>\n\t\t<\/div>\n\t\t\t\t\t\t\t<\/div>\n\t\t<\/section>\n\t\t\t\t<section class=\"elementor-section elementor-top-section elementor-element elementor-element-f3c3eee elementor-section-full_width elementor-section-height-default elementor-section-height-default\" data-id=\"f3c3eee\" data-element_type=\"section\">\n\t\t\t\t\t\t<div class=\"elementor-container elementor-column-gap-no\">\n\t\t\t\t\t<div class=\"elementor-column elementor-col-100 elementor-top-column elementor-element elementor-element-86e55d9\" data-id=\"86e55d9\" data-element_type=\"column\">\n\t\t\t<div class=\"elementor-widget-wrap elementor-element-populated\">\n\t\t\t\t\t\t\t\t<div class=\"elementor-element elementor-element-7727fc0 elementor-widget elementor-widget-google_maps\" data-id=\"7727fc0\" data-element_type=\"widget\" data-widget_type=\"google_maps.default\">\n\t\t\t\t<div class=\"elementor-widget-container\">\n\t\t\t<style>\/*! elementor - v3.10.2 - 29-01-2023 *\/\n.elementor-widget-google_maps .elementor-widget-container{overflow:hidden}.elementor-widget-google_maps iframe{height:300px}<\/style>\t\t<div class=\"elementor-custom-embed\">\n\t\t\t<iframe loading=\"lazy\"\n\t\t\t\t\tsrc=\"https:\/\/maps.google.com\/maps?q=Gr%C3%BCtzm%C3%BChlenweg%2087&#038;t=m&#038;z=16&#038;output=embed&#038;iwloc=near\"\n\t\t\t\t\ttitle=\"Gr\u00fctzm\u00fchlenweg 87\"\n\t\t\t\t\taria-label=\"Gr\u00fctzm\u00fchlenweg 87\"\n\t\t\t><\/iframe>\n\t\t<\/div>\n\t\t\t\t<\/div>\n\t\t\t\t<\/div>\n\t\t\t\t\t<\/div>\n\t\t<\/div>\n\t\t\t\t\t\t\t<\/div>\n\t\t<\/section>\n\t\t\t\t<section class=\"elementor-section elementor-top-section elementor-element elementor-element-f2b92a5 elementor-section-boxed elementor-section-height-default elementor-section-height-default\" data-id=\"f2b92a5\" data-element_type=\"section\">\n\t\t\t\t\t\t<div class=\"elementor-container elementor-column-gap-no\">\n\t\t\t\t\t<div class=\"elementor-column elementor-col-50 elementor-top-column elementor-element elementor-element-0d402ae col-md-4\" data-id=\"0d402ae\" data-element_type=\"column\">\n\t\t\t<div class=\"elementor-widget-wrap elementor-element-populated\">\n\t\t\t\t\t\t\t\t<div class=\"elementor-element elementor-element-61454b3 elementor-widget elementor-widget-cleaning_contact_info\" data-id=\"61454b3\" data-element_type=\"widget\" data-widget_type=\"cleaning_contact_info.default\">\n\t\t\t\t<div class=\"elementor-widget-container\">\n\t\t\t \n    <h2>Allgemeines B\u00fcro<\/h2>\n    <div id=\"cleaning_contact_box-1\" class=\"widget widget_cleaning_contact_box\">\n        <h4>KONTAKT<\/h4>\n        <div class=\"col-md-12\">\n             \n                <div class=\"contact-info-sm\">\n                    <h5><\/h5>\n                    <i aria-hidden=\"true\" class=\"icon  icon-map-marker\"><\/i>Gr\u00fctzm\u00fchlenweg 87,<br>22339 Hamburg                <\/div> \n                 \n                <div class=\"contact-info-sm\">\n                    <h5><\/h5>\n                    <i aria-hidden=\"true\" class=\"icon  icon-technology\"><\/i>Mobil: 0178 1707090\n<br>Tel: 040 60066798                <\/div> \n                 \n                <div class=\"contact-info-sm\">\n                    <h5>\u00d6ffnungszeit<\/h5>\n                    <i aria-hidden=\"true\" class=\"icon  icon-clock\"><\/i>Mo - Fr: 8:00  \u2013 17:00 Uhr<br>\nSa - So: 9:00 \u2013 16:00 Uhr                <\/div> \n                            <div class=\"divider\"><\/div>\n            <h5><\/h5>\n            <ul class=\"social-list\">\n             \n                <li><a href=\"\"   >\n                                <\/a><\/li>\n                            <\/ul>\n        <\/div>\n    <\/div>\n\t\t<\/div>\n\t\t\t\t<\/div>\n\t\t\t\t\t<\/div>\n\t\t<\/div>\n\t\t\t\t<div class=\"elementor-column elementor-col-50 elementor-top-column elementor-element elementor-element-f3b9793 col-md-8\" data-id=\"f3b9793\" data-element_type=\"column\">\n\t\t\t<div class=\"elementor-widget-wrap elementor-element-populated\">\n\t\t\t\t\t\t\t\t<div class=\"elementor-element elementor-element-3b2e788 elementor-widget elementor-widget-text-editor\" data-id=\"3b2e788\" data-element_type=\"widget\" data-widget_type=\"text-editor.default\">\n\t\t\t\t<div class=\"elementor-widget-container\">\n\t\t\t\t\t\t\t<div class=\"fusion-title title fusion-title-1 fusion-sep-none fusion-title-text fusion-title-size-one\"><h1 class=\"title-heading-left fusion-responsive-typography-calculated\">Kontakt<\/h1><\/div><div class=\"fusion-text fusion-text-3\"><p data-fusion-font=\"true\">Schreiben Sie uns gern Ihre Nachricht \u00fcber das Kontaktformular oder rufen Sie uns direkt an. Unser freundliches Team ist jederzeit f\u00fcr sie da.<\/p><\/div>\t\t\t\t\t\t<\/div>\n\t\t\t\t<\/div>\n\t\t\t\t<div class=\"elementor-element elementor-element-9c7ac8f elementor-widget elementor-widget-shortcode\" data-id=\"9c7ac8f\" data-element_type=\"widget\" data-widget_type=\"shortcode.default\">\n\t\t\t\t<div class=\"elementor-widget-container\">\n\t\t\t\t\t<div class=\"elementor-shortcode\">\n<div class=\"wpcf7 no-js\" id=\"wpcf7-f564-o1\" lang=\"en-US\" dir=\"ltr\">\n<div class=\"screen-reader-response\"><p role=\"status\" aria-live=\"polite\" aria-atomic=\"true\"><\/p> <ul><\/ul><\/div>\n<form action=\"\/index.php\/wp-json\/wp\/v2\/pages\/453#wpcf7-f564-o1\" method=\"post\" class=\"wpcf7-form init\" aria-label=\"Contact form\" novalidate=\"novalidate\" data-status=\"init\">\n<div style=\"display: none;\">\n<input type=\"hidden\" name=\"_wpcf7\" value=\"564\" \/>\n<input type=\"hidden\" name=\"_wpcf7_version\" value=\"5.7.6\" \/>\n<input type=\"hidden\" name=\"_wpcf7_locale\" value=\"en_US\" \/>\n<input type=\"hidden\" name=\"_wpcf7_unit_tag\" value=\"wpcf7-f564-o1\" \/>\n<input type=\"hidden\" name=\"_wpcf7_container_post\" value=\"0\" \/>\n<input type=\"hidden\" name=\"_wpcf7_posted_data_hash\" value=\"\" \/>\n<\/div>\n<div class=\"contact-form\" id=\"contactForm\" method=\"post\" novalidate=\"novalidate\" _lpchecked=\"1\">\n\t<div class=\"successform text-center\">\n\t\t<p>Deine Nachricht wurde erfolgreich gesendet!\n\t\t<\/p>\n\t<\/div>\n\t<div class=\"errorform text-center\">\n\t\t<p>Etwas ist schief gelaufen. Versuchen Sie, das Formular zu aktualisieren und erneut zu senden.\n\t\t<\/p>\n\t<\/div>\n\t<div class=\"input-wrapper\">\n\t\t<p><span class=\"wpcf7-form-control-wrap\" data-name=\"your-name\"><input size=\"40\" class=\"wpcf7-form-control wpcf7-text wpcf7-validates-as-required form-control input-custom\" aria-required=\"true\" aria-invalid=\"false\" placeholder=\"Name\" value=\"\" type=\"text\" name=\"your-name\" \/><\/span>\n\t\t<\/p>\n\t<\/div>\n\t<div class=\"input-wrapper\">\n\t\t<p><span class=\"wpcf7-form-control-wrap\" data-name=\"your-email\"><input size=\"40\" class=\"wpcf7-form-control wpcf7-text wpcf7-email wpcf7-validates-as-required wpcf7-validates-as-email form-control input-custom\" aria-required=\"true\" aria-invalid=\"false\" placeholder=\"Email\" value=\"\" type=\"email\" name=\"your-email\" \/><\/span>\n\t\t<\/p>\n\t<\/div>\n\t<div class=\"input-wrapper\">\n\t\t<p><span class=\"wpcf7-form-control-wrap\" data-name=\"your-message\"><textarea cols=\"40\" rows=\"10\" class=\"wpcf7-form-control wpcf7-textarea wpcf7-validates-as-required form-control textarea-custom\" aria-required=\"true\" aria-invalid=\"false\" placeholder=\"Nachricht\" name=\"your-message\"><\/textarea><\/span>\n\t\t<\/p>\n\t<\/div>\n\t<div class=\"text-center\">\n\t\t<p><input class=\"wpcf7-form-control has-spinner wpcf7-submit btn\" type=\"submit\" value=\"Absenden\" \/>\n\t\t<\/p>\n\t<\/div>\n<\/div><div class=\"wpcf7-response-output\" aria-hidden=\"true\"><\/div>\n<\/form>\n<\/div>\n<\/div>\n\t\t\t\t<\/div>\n\t\t\t\t<\/div>\n\t\t\t\t\t<\/div>\n\t\t<\/div>\n\t\t\t\t\t\t\t<\/div>\n\t\t<\/section>\n\t\t\t\t\t\t\t<\/div>\n\t\t","protected":false},"excerpt":{"rendered":"<p>Kontaktiere uns Allgemeines B\u00fcro KONTAKT Gr\u00fctzm\u00fchlenweg 87,22339 Hamburg Mobil: 0178 1707090 Tel: 040 60066798 \u00d6ffnungszeit Mo &#8211; Fr: 8:00 \u2013 17:00 Uhr Sa &#8211; So: 9:00 \u2013 16:00 Uhr Kontakt Schreiben Sie uns gern Ihre Nachricht \u00fcber das Kontaktformular oder rufen Sie uns direkt an. Unser freundliches Team ist jederzeit f\u00fcr sie da.<\/p>\n","protected":false},"author":1,"featured_media":0,"parent":0,"menu_order":0,"comment_status":"closed","ping_status":"closed","template":"elementor_header_footer","meta":[],"yoast_head":"<!-- This site is optimized with the Yoast SEO plugin v20.6 - https:\/\/yoast.com\/wordpress\/plugins\/seo\/ -->\n<title>Contact Us - East Reinigung<\/title>\n<meta name=\"robots\" content=\"index, follow, max-snippet:-1, max-image-preview:large, max-video-preview:-1\" \/>\n<link rel=\"canonical\" href=\"https:\/\/east-reinigung.de\/index.php\/contact-us\/\" \/>\n<meta property=\"og:locale\" content=\"de_DE\" \/>\n<meta property=\"og:type\" content=\"article\" \/>\n<meta property=\"og:title\" content=\"Contact Us - East Reinigung\" \/>\n<meta property=\"og:description\" content=\"Kontaktiere uns Allgemeines B\u00fcro KONTAKT Gr\u00fctzm\u00fchlenweg 87,22339 Hamburg Mobil: 0178 1707090 Tel: 040 60066798 \u00d6ffnungszeit Mo &#8211; Fr: 8:00 \u2013 17:00 Uhr Sa &#8211; So: 9:00 \u2013 16:00 Uhr Kontakt Schreiben Sie uns gern Ihre Nachricht \u00fcber das Kontaktformular oder rufen Sie uns direkt an. Unser freundliches Team ist jederzeit f\u00fcr sie da.\" \/>\n<meta property=\"og:url\" content=\"https:\/\/east-reinigung.de\/index.php\/contact-us\/\" \/>\n<meta property=\"og:site_name\" content=\"East Reinigung\" \/>\n<meta property=\"article:modified_time\" content=\"2024-12-22T13:38:00+00:00\" \/>\n<meta name=\"twitter:card\" content=\"summary_large_image\" \/>\n<meta name=\"twitter:label1\" content=\"Est. reading time\" \/>\n\t<meta name=\"twitter:data1\" content=\"1\u00a0Minute\" \/>\n<script type=\"application\/ld+json\" class=\"yoast-schema-graph\">{\"@context\":\"https:\/\/schema.org\",\"@graph\":[{\"@type\":\"WebPage\",\"@id\":\"https:\/\/east-reinigung.de\/index.php\/contact-us\/\",\"url\":\"https:\/\/east-reinigung.de\/index.php\/contact-us\/\",\"name\":\"Contact Us - East Reinigung\",\"isPartOf\":{\"@id\":\"https:\/\/east-reinigung.de\/#website\"},\"datePublished\":\"2021-08-06T06:02:13+00:00\",\"dateModified\":\"2024-12-22T13:38:00+00:00\",\"breadcrumb\":{\"@id\":\"https:\/\/east-reinigung.de\/index.php\/contact-us\/#breadcrumb\"},\"inLanguage\":\"de\",\"potentialAction\":[{\"@type\":\"ReadAction\",\"target\":[\"https:\/\/east-reinigung.de\/index.php\/contact-us\/\"]}]},{\"@type\":\"BreadcrumbList\",\"@id\":\"https:\/\/east-reinigung.de\/index.php\/contact-us\/#breadcrumb\",\"itemListElement\":[{\"@type\":\"ListItem\",\"position\":1,\"name\":\"Home\",\"item\":\"https:\/\/east-reinigung.de\/\"},{\"@type\":\"ListItem\",\"position\":2,\"name\":\"Contact Us\"}]},{\"@type\":\"WebSite\",\"@id\":\"https:\/\/east-reinigung.de\/#website\",\"url\":\"https:\/\/east-reinigung.de\/\",\"name\":\"East Reinigung\",\"description\":\"geb\u00e4udereinigung hamburg\",\"publisher\":{\"@id\":\"https:\/\/east-reinigung.de\/#organization\"},\"potentialAction\":[{\"@type\":\"SearchAction\",\"target\":{\"@type\":\"EntryPoint\",\"urlTemplate\":\"https:\/\/east-reinigung.de\/?s={search_term_string}\"},\"query-input\":\"required name=search_term_string\"}],\"inLanguage\":\"de\"},{\"@type\":\"Organization\",\"@id\":\"https:\/\/east-reinigung.de\/#organization\",\"name\":\"East Reinigung\",\"url\":\"https:\/\/east-reinigung.de\/\",\"logo\":{\"@type\":\"ImageObject\",\"inLanguage\":\"de\",\"@id\":\"https:\/\/east-reinigung.de\/#\/schema\/logo\/image\/\",\"url\":\"https:\/\/east-reinigung.de\/wp-content\/uploads\/2023\/01\/web-logo.png\",\"contentUrl\":\"https:\/\/east-reinigung.de\/wp-content\/uploads\/2023\/01\/web-logo.png\",\"width\":899,\"height\":446,\"caption\":\"East Reinigung\"},\"image\":{\"@id\":\"https:\/\/east-reinigung.de\/#\/schema\/logo\/image\/\"}}]}<\/script>\n<!-- \/ Yoast SEO plugin. -->","yoast_head_json":{"title":"Contact Us - East Reinigung","robots":{"index":"index","follow":"follow","max-snippet":"max-snippet:-1","max-image-preview":"max-image-preview:large","max-video-preview":"max-video-preview:-1"},"canonical":"https:\/\/east-reinigung.de\/index.php\/contact-us\/","og_locale":"de_DE","og_type":"article","og_title":"Contact Us - East Reinigung","og_description":"Kontaktiere uns Allgemeines B\u00fcro KONTAKT Gr\u00fctzm\u00fchlenweg 87,22339 Hamburg Mobil: 0178 1707090 Tel: 040 60066798 \u00d6ffnungszeit Mo &#8211; Fr: 8:00 \u2013 17:00 Uhr Sa &#8211; So: 9:00 \u2013 16:00 Uhr Kontakt Schreiben Sie uns gern Ihre Nachricht \u00fcber das Kontaktformular oder rufen Sie uns direkt an. Unser freundliches Team ist jederzeit f\u00fcr sie da.","og_url":"https:\/\/east-reinigung.de\/index.php\/contact-us\/","og_site_name":"East Reinigung","article_modified_time":"2024-12-22T13:38:00+00:00","twitter_card":"summary_large_image","twitter_misc":{"Est. reading time":"1\u00a0Minute"},"schema":{"@context":"https:\/\/schema.org","@graph":[{"@type":"WebPage","@id":"https:\/\/east-reinigung.de\/index.php\/contact-us\/","url":"https:\/\/east-reinigung.de\/index.php\/contact-us\/","name":"Contact Us - East Reinigung","isPartOf":{"@id":"https:\/\/east-reinigung.de\/#website"},"datePublished":"2021-08-06T06:02:13+00:00","dateModified":"2024-12-22T13:38:00+00:00","breadcrumb":{"@id":"https:\/\/east-reinigung.de\/index.php\/contact-us\/#breadcrumb"},"inLanguage":"de","potentialAction":[{"@type":"ReadAction","target":["https:\/\/east-reinigung.de\/index.php\/contact-us\/"]}]},{"@type":"BreadcrumbList","@id":"https:\/\/east-reinigung.de\/index.php\/contact-us\/#breadcrumb","itemListElement":[{"@type":"ListItem","position":1,"name":"Home","item":"https:\/\/east-reinigung.de\/"},{"@type":"ListItem","position":2,"name":"Contact Us"}]},{"@type":"WebSite","@id":"https:\/\/east-reinigung.de\/#website","url":"https:\/\/east-reinigung.de\/","name":"East Reinigung","description":"geb\u00e4udereinigung hamburg","publisher":{"@id":"https:\/\/east-reinigung.de\/#organization"},"potentialAction":[{"@type":"SearchAction","target":{"@type":"EntryPoint","urlTemplate":"https:\/\/east-reinigung.de\/?s={search_term_string}"},"query-input":"required name=search_term_string"}],"inLanguage":"de"},{"@type":"Organization","@id":"https:\/\/east-reinigung.de\/#organization","name":"East Reinigung","url":"https:\/\/east-reinigung.de\/","logo":{"@type":"ImageObject","inLanguage":"de","@id":"https:\/\/east-reinigung.de\/#\/schema\/logo\/image\/","url":"https:\/\/east-reinigung.de\/wp-content\/uploads\/2023\/01\/web-logo.png","contentUrl":"https:\/\/east-reinigung.de\/wp-content\/uploads\/2023\/01\/web-logo.png","width":899,"height":446,"caption":"East Reinigung"},"image":{"@id":"https:\/\/east-reinigung.de\/#\/schema\/logo\/image\/"}}]}},"_links":{"self":[{"href":"https:\/\/east-reinigung.de\/index.php\/wp-json\/wp\/v2\/pages\/453"}],"collection":[{"href":"https:\/\/east-reinigung.de\/index.php\/wp-json\/wp\/v2\/pages"}],"about":[{"href":"https:\/\/east-reinigung.de\/index.php\/wp-json\/wp\/v2\/types\/page"}],"author":[{"embeddable":true,"href":"https:\/\/east-reinigung.de\/index.php\/wp-json\/wp\/v2\/users\/1"}],"replies":[{"embeddable":true,"href":"https:\/\/east-reinigung.de\/index.php\/wp-json\/wp\/v2\/comments?post=453"}],"version-history":[{"count":30,"href":"https:\/\/east-reinigung.de\/index.php\/wp-json\/wp\/v2\/pages\/453\/revisions"}],"predecessor-version":[{"id":2198,"href":"https:\/\/east-reinigung.de\/index.php\/wp-json\/wp\/v2\/pages\/453\/revisions\/2198"}],"wp:attachment":[{"href":"https:\/\/east-reinigung.de\/index.php\/wp-json\/wp\/v2\/media?parent=453"}],"curies":[{"name":"wp","href":"https:\/\/api.w.org\/{rel}","templated":true}]}}